 218*o**2. Is w(-1) a composite number?
False
Let i(s) = 96*s**2 - 74*s - 725. Is i(-48) prime?
True
Let w(f) = 10229*f + 5450. Is w(9) prime?
True
Let f = -202523 - -400614. Is f composite?
False
Let b(z) = 1380*z + 91. Let c be b(6). Let n = -665 + c. Is n prime?
False
Let z = 161237 + 586896. Is z a prime number?
True
Is (92982996/153)/(4/1) prime?
False
Let b(j) = -4*j**3 + 312*j**2 - 22*j - 49. Is b(74) a prime number?
False
Let a = 7116 - 4375. Is a a composite number?
False
Suppose -5*n - 40 = 5*p, 2*p + 44 = -5*n - p. Let x(r) = 26*r**2 + 13*r - 11. Is x(n) prime?
True
Suppose 7*j - 4*j = 2*g - 2556, 6 = 3*j. Let p = g + 1233. Suppose 2*a - p = -n, a + 0*a = -3*n + 1247. Is a a prime number?
True
Suppose -2*m - 3107 = -4*q + 4741, 2*q - 3900 = -5*m. Is q - -1 - (-3)/(6/4) prime?
False
Suppose -7*r + 264 = -11*r. Is (r/(-12))/(4/184) a prime number?
False
Suppose -3*w + 741471 = 4*d, 77*d - 79*d = 2*w - 494312. Is w a composite number?
True
Suppose -5*y + 90 = -2*b, -3*y + 6*b + 54 = 10*b. Suppose -4*p - 55538 = -y*p. Is p a composite number?
False
Suppose q - 1 + 5 = 0. Let h be q + 5 - -370 - -3. Suppose -11*w = -9*w - h. Is w a prime number?
False
Let t(x) = 3*x**3 - 65*x**2 - 118*x + 169. Is t(35) composite?
True
Let p = -31595 + 58264. Is p a prime number?
True
Suppose -5*r = 2*c - 14067, -21*r = 3*c - 18*r - 21105. Is c + ((4*-5)/(-4) - 2) prime?
True
Let n(q) = 9*q - 29. Let f be n(4). Is (-5)/10*(f + -28745) composite?
False
Let i(s) = -5*s**3 - 105*s**2 + 52*s - 143. Is i(-48) prime?
False
Let r(g) = -199*g**3 - 2*g**2 - 8*g + 36. Is r(-7) a composite number?
True
Suppose 5*o + 3*m - 51 = 0, -4*o - 5*m = -1 - 32. Suppose -3*z + 2*u - 2 = -4, 2*u - o = -4*z. Is 5 + (-3 - (-1343 + z)) a prime number?
False
Let j = -50 + 53. Suppose j*d + 9 = 2*f - 0*f, 4*d = -4. Suppose 1083 = s - h, -4*h = f*s - 1727 - 1508. Is s composite?
True
Let d = 2501 - 4324. Let r = 1472 - d. Is r a composite number?
True
Let j(l) = 4088*l**3 - 3*l**2 + l + 2. Let f be j(1). Let g = 11443 - f. Is g a prime number?
False
Suppose 0 = -3*n + q + 370611, q = 6*q. Suppose 0 = -9*h + n + 106944. Is h a composite number?
False
Suppose -14*u - x - 797116 = -17*u, 1062784 = 4*u + 4*x. Is u composite?
False
Let h(k) = -33*k**3 - k**2 + 4*k + 1. Let d = -34 + 28. Is h(d) prime?
True
Let s(o) = 249*o**2 + 17*o - 85. Is s(-6) a prime number?
False
Suppose 87*s - 37054 = -107*s. Is s a prime number?
True
Suppose -3*w = 3*z - 45, -27 = -w + z - 14. Let q(s) = 206*s - 3. Is q(w) a prime number?
False
Suppose 4*q - 69 = 3*l + 21, -5*l + 106 = 4*q. Is (60/q)/(1/422) a composite number?
True
Let b be 4/(-30) + 996336/270. Suppose -3*s + 1422 = 3*z - b, 0 = -4*z + 3*s + 6830. Is z composite?
True
Suppose -7*n = -n - 36. Suppose 3 = -3*f + n*f. Is (-844)/((1 + f)*-1) composite?
True
Let n = 1674021 + -719194. Is n a prime number?
True
Suppose 16*y - 190421 = 5*y. Is y a prime number?
False
Let d(b) = b**3 - 16*b**2 + 38*b + 16. Let w be d(13). Suppose 2*r + 0*r = 10. Suppose -v + 1246 = -r*c, -4*v + 5*v = -w*c + 1286. Is v a composite number?
True
Suppose -64*c = 192*c - 66500864. Is c composite?
True
Let z = -270 + 245. Is 578 + (z + 0)/(-5) a composite number?
True
Is 906/(-4077) - (-544306)/18 a prime number?
False
Suppose -49*y + 53*y = -4*r + 1524, y = r - 377. Is r a composite number?
False
Let f = -5 - -2. Suppose -73*t + 66*t = 35. Is 19118/55 - f/t prime?
True
Suppose 7*g + 673 - 64 = 0. Let l = g + 85. Is (l + 0)*4492/(-8) composite?
False
Let v(z) = 27*z**2 + z + 1501. Is v(52) composite?
False
Suppose 0 = 6*x - 51877 - 14783. Is x - (1 - 0) - (-6 + 2) prime?
True
Suppose 0 = -4*v - 28*v + 448. Suppose v*l + 0*l - 47446 = 0. Is l composite?
False
Is (68/(-40)*1028)/((-36)/90) a prime number?
False
Suppose 2*t + 5*q - 264096 = 0, -5*t + 3*q + 256404 = -403898. Is t composite?
True
Is (-1509338)/(-6) + (-16 - 396/(-27)) composite?
True
Let x be 540/45 - (0 - -9). Suppose -b + 28342 = 5*n - 0*b, 17004 = x*n + b. Is n a prime number?
True
Let m = 692476 - 362379. Is m a composite number?
False
Let v = 218 - 216. Suppose 4*b + v*k - 4468 = 0, -b + 48 + 1069 = -4*k. Is b composite?
False
Let i(q) be the first derivative of -659*q**2/2 - 57*q + 86. Is i(-4) composite?
False
Is (-365152 - -63)/((-16)/56 + (-5)/7) a prime number?
True
Let s = 394 + -378. Suppose s*f = f + 155415. Is f prime?
False
Let u be (-33)/(-110) + (-484311)/(-30). Suppose 5*h - 2750 - u = 2*d, 5*h - d - 18892 = 0. Is h a composite number?
True
Let x(w) = w**3 + 22*w**2 - 25*w - 44. Let j be x(-23). Suppose 3 = z + k + j, 14 = 2*z - 2*k. Suppose 3*n = -3*b + 18348, 3*n + z*b = 7*b + 18330. Is n prime?
True
Let r(m) be the first derivative of -10873*m**2/2 + 36*m - 8. Let h be r(-4). Is 2/(-5) - (h/(-20) + 2) a composite number?
True
Let d = 89 - 85. Suppose -d*p = -11*p + 2737. Is p a prime number?
False
Let t = 1585 + -1583. Let x be 1/2*4*1. Suppose 6 = -t*v, 3*y - 4*y - x*v + 3555 = 0. Is y prime?
False
Let a be 19/((-209)/(-2)) + 4338/(-22). Let h = a - -3982. Is h prime?
False
Let a = 26454 - 15148. Is a composite?
True
Suppose 3*q = 4*a + 5632, 0*a + q - 5632 = 4*a. Let w = 6845 + a. Is w prime?
True
Let f(m) = -m**3 + 3 + 12*m**2 - 13*m + 2*m - 14 + m. Let c be f(11). Suppose -11*t - 647 + 13528 = c. Is t prime?
True
Let t(q) = q**2 + 4 + 4*q + 6*q**2 - 8*q**2. Let l be t(4). Is 1 - l - (7*1560)/(-6) a composite number?
True
Suppose 2612511 = -32*i + 38703551. Is i composite?
True
Let k = 6882 + -7275. Let j be 0 + -1 - (-1279 - 2). Let l = j + k. Is l prime?
True
Let u(r) be the first derivative of r**4/4 + 28*r**3/3 - r + 27. Let c(d) = -d**2 - d + 1. Let q(s) = -3*c(s) + u(s). Is q(-25) prime?
True
Suppose -19*k + 8*k + 264 = 0. Let p(a) = 73*a - 7. Let h be p(5). Suppose -2*m + 3*s + h = -k, -s = 5*m - 955. Is m a composite number?
False
Let s = 0 - 3. Let b = 1575 - 1581. Is s - (780/4 - 3)*b a prime number?
False
Let a = 378252 - -23089. Is a a prime number?
True
Let i be (0 - 0)/((-19)/(285/(-30))). Let h = -5 - -8. Suppose -h*d = -3*c - i*d + 519, c = -d + 183. Is c a prime number?
False
Let g be -5 + 3*2/2. Let x be (-323)/34*36/g. Suppose 0 = a, d - x - 7 = -2*a. Is d prime?
False
Let t = 61 + -53. Let u be -1 - (t/4 + 262). Let k = 450 + u. Is k a prime number?
False
Let t(o) = -131*o - 5. Let h = 60 - 55. Let w be (-43)/h + 18/30. Is t(w) a prime number?
False
Is (-30)/(-45)*((-12021993)/(-18) + 3) a prime number?
True
Is 4*(-3514578)/108*-3 + 27/81 composite?
True
Let t(p) = 220*p**2 - 310*p + 71. Is t(38) a composite number?
False
Suppose 4*m - 4*n + 1589 = 3*m, 5*m = -5*n - 7970. Let z = -919 - m. Let s = z + -121. Is s composite?
True
Suppose -9*s + 44249 + 3091 = 0. Suppose -13*f + 15*f = 4*v + s, 0 = -3*f + 4*v + 7898. Is f prime?
False
Is ((-6)/((-168)/306103))/(21/24) prime?
False
Let z be ((4025/(-20))/(-5) - 3)*-4. Let y = -72 - z. Is y prime?
False
Suppose -2*m + 4*m = 2*r - 4, 3*r - 14 = -m. Suppose -4*j + 6149 = -n - 6501, 0 = -5*j + r*n + 15807. Is j a prime number?
True
Suppose 3*d + 50507 = 5*x, -31*x - 10119 = -32*x + 5*d. Is x a prime number?
True
Let c = -63 - -63. Suppose 6*h + 1308 = -c*h. Let p = h - -405. Is p composite?
True
Let h = -211 - -1558. Is h*(-2)/(-3)*(-4)/(-8) prime?
True
Let x = -1631702 - -2310841. Is x composite?
True
Is (24 - 5900/250)*25363015/2 prime?
True
Let m(u) = 147*u**2 + 10*u + 3. Let r be -5 + (2 - -2) - -5. Is m(r) a prime number?
False
Let q(c) = 1119*c**3 - 3*c**2 + 20*c - 43. Is q(6) composite?
True
Let r(f) = 2*f**2 - 2*f - 3856. Let n be r(0). Let q = -2099 - n. Is q prime?
False
Is 547677/156 + -3*1/(-12) a composite number?
False
Let u(n) = -n**3 + 152*n**2 + 436*n - 169. Is u(80) prime?
True
Let n be 0/(56/42*3/(-2)). Suppose -5*h + 2*g + 609 = n, 0 = -5*h + 3*h + 4*g + 234. Is h a prime number?
False
Let n(s) = 2*s + 8. Let d be n(-9). Let u be (((-36)/d)/3)/((-2)/120). Let g = u + 205. Is g a composite number?
True
Let s = 76920 - 31273. Is s composite?
True
Let v(l) = -258*l + 11. Let q(z) = -z**3 + 10*z**2 - 9*z + 8. Let d be q(9). Suppose d*c + 46 = -2. Is v(c) prime?
True
Suppose 4*b + 3*k = 10, -5*k = -3*b + 8*b - 10. Suppose -3*w = -b*y - 2713, -y - 1694 = -2*w + 123. Is w composite?
False
Let j = 7201 - -11879.